{"id":2424,"date":"2026-02-24T12:12:34","date_gmt":"2026-02-24T11:12:34","guid":{"rendered":"https:\/\/the-signaturecollection.com\/?page_id=2424"},"modified":"2026-03-15T15:03:22","modified_gmt":"2026-03-15T14:03:22","slug":"mentions-legales","status":"publish","type":"page","link":"https:\/\/the-signaturecollection.com\/eng\/mentions-legales\/","title":{"rendered":"Mentions legales"},"content":{"rendered":"<div data-elementor-type=\"wp-page\" data-elementor-id=\"2424\" class=\"elementor elementor-2424\" data-elementor-post-type=\"page\">\n\t\t\t\t<div class=\"elementor-element elementor-element-05f6119 e-flex e-con-boxed e-con e-parent\" data-id=\"05f6119\" data-element_type=\"container\" data-e-type=\"container\" data-settings=\"{&quot;background_background&quot;:&quot;classic&quot;}\">\n\t\t\t\t\t<div class=\"e-con-inner\">\n\t\t<div class=\"elementor-element elementor-element-0a83ac9 e-con-full e-flex e-con e-child\" data-id=\"0a83ac9\" data-element_type=\"container\" data-e-type=\"container\">\n\t\t\t\t<div class=\"elementor-element elementor-element-f700f76  ui-split-animate ui-splitby-lines elementor-widget elementor-widget-heading\" data-id=\"f700f76\" data-element_type=\"widget\" data-e-type=\"widget\" data-settings=\"{&quot;ui_animate_split&quot;:&quot;ui-split-animate&quot;,&quot;ui_animate_split_by&quot;:&quot;lines&quot;,&quot;ui_animate_split_style&quot;:&quot;fadeInUp blur&quot;}\" data-widget_type=\"heading.default\">\n\t\t\t\t\t<h1 class=\"elementor-heading-title elementor-size-default\">Terms of use<\/h1>\t\t\t\t<\/div>\n\t\t\t\t<\/div>\n\t\t\t\t\t<\/div>\n\t\t\t\t<\/div>\n\t\t<div class=\"elementor-element elementor-element-3d1a880 e-flex e-con-boxed e-con e-parent\" data-id=\"3d1a880\" data-element_type=\"container\" data-e-type=\"container\">\n\t\t\t\t\t<div class=\"e-con-inner\">\n\t\t\t\t<div class=\"elementor-element elementor-element-1789089 elementor-widget elementor-widget-spacer\" data-id=\"1789089\" data-element_type=\"widget\" data-e-type=\"widget\" data-widget_type=\"spacer.default\">\n\t\t\t\t\t\t\t<div class=\"elementor-spacer\">\n\t\t\t<div class=\"elementor-spacer-inner\"><\/div>\n\t\t<\/div>\n\t\t\t\t\t\t<\/div>\n\t\t\t\t<div class=\"elementor-element elementor-element-317888e elementor-widget elementor-widget-text-editor\" data-id=\"317888e\" data-element_type=\"widget\" data-e-type=\"widget\" data-widget_type=\"text-editor.default\">\n\t\t\t\t\t\t\t\t\t<ul><li><div>Company name: THE SIGNATURE COLLECTION\u00a0<\/div><\/li><li><div>Status: SARL<\/div><\/li><li><div>Capital: \u20ac1,000<\/div><\/li><li><div>Head office address: 90 all\u00e9e muirfield, 83700 SAINT RAPHAEL\u00a0<\/div><\/li><li><div>SIRET + RCS ville : 100 892 074 00012 au RCS de Fr\u00e9jus<\/div><div>VAT NUMBER: FR53100892074<\/div><\/li><li><div>Director of publication:<b>\u00a0<\/b>Toitot Matheo &amp; Maryse Pinto Capela<\/div><\/li><li><div>Email contact : <a href=\"mailto:contact@the-signaturecollection.com\" target=\"_blank\" rel=\"noopener\">contact@the-<wbr \/>signaturecollection.com<\/a><\/div><\/li><\/ul>\t\t\t\t\t\t\t\t<\/div>\n\t\t\t\t\t<\/div>\n\t\t\t\t<\/div>\n\t\t\t\t<\/div>","protected":false},"excerpt":{"rendered":"<p>Mentions l\u00e9gales Nom soci\u00e9t\u00e9: THE SIGNATURE COLLECTION\u00a0 Statut: SARL Capital : 1 000 \u20ac Adresse si\u00e8ge : 90 all\u00e9e muirfield, 83700 SAINT [&hellip;]<\/p>\n","protected":false},"author":1,"featured_media":0,"parent":0,"menu_order":0,"comment_status":"closed","ping_status":"closed","template":"","meta":{"_acf_changed":false,"footnotes":""},"class_list":["post-2424","page","type-page","status-publish","hentry"],"acf":[],"_links":{"self":[{"href":"https:\/\/the-signaturecollection.com\/eng\/wp-json\/wp\/v2\/pages\/2424","targetHints":{"allow":["GET"]}}],"collection":[{"href":"https:\/\/the-signaturecollection.com\/eng\/wp-json\/wp\/v2\/pages"}],"about":[{"href":"https:\/\/the-signaturecollection.com\/eng\/wp-json\/wp\/v2\/types\/page"}],"author":[{"embeddable":true,"href":"https:\/\/the-signaturecollection.com\/eng\/wp-json\/wp\/v2\/users\/1"}],"replies":[{"embeddable":true,"href":"https:\/\/the-signaturecollection.com\/eng\/wp-json\/wp\/v2\/comments?post=2424"}],"version-history":[{"count":13,"href":"https:\/\/the-signaturecollection.com\/eng\/wp-json\/wp\/v2\/pages\/2424\/revisions"}],"predecessor-version":[{"id":5293,"href":"https:\/\/the-signaturecollection.com\/eng\/wp-json\/wp\/v2\/pages\/2424\/revisions\/5293"}],"wp:attachment":[{"href":"https:\/\/the-signaturecollection.com\/eng\/wp-json\/wp\/v2\/media?parent=2424"}],"curies":[{"name":"wp","href":"https:\/\/api.w.org\/{rel}","templated":true}]}}